culate y(-51).
57
Let c(a) = -9*a - 235. Determine c(-30).
35
Let o(c) = -c**2 + 9*c - 6. Determine o(6).
12
Let p(v) = -2*v**2 + v - 4. Calculate p(-2).
-14
Let a(q) = 70*q**2 - 8*q + 9. Determine a(2).
273
Let v(c) = 4*c**3 - 74*c**2 + 40*c - 71. What is v(18)?
1
Let s(t) = 3831*t - 7668. Calculate s(2).
-6
Let b(c) = -281*c + 1433. Give b(5).
28
Let o(a) = 200*a + 795. What is o(-4)?
-5
Let k(w) = w**2 + 136*w + 1048. Give k(-8).
24
Let p(b) = -b**3 - 12*b**2 - 37*b - 15. Determine p(-10).
155
Let y(l) = -341*l + 1349. Calculate y(6).
-697
Let o(n) = n**2 + 13*n - 1140. What is o(28)?
8
Let p(w) = -61*w + 2586. Calculate p(43).
-37
Let z(u) = -2*u**3 + 44*u**2 + 48*u + 14. Determine z(23).
60
Let c(m) = -11*m - 618. What is c(-55)?
-13
Let a(b) = 3*b - 204. Give a(-9).
-231
Let g(s) = 6*s**3 - 66*s**2 + s - 11. Give g(11).
0
Let f(c) = -45*c + 97. What is f(-8)?
457
Let v(k) = -2*k**3 + 131*k**2 - 65*k + 11. Calculate v(65).
11
Let a(d) = d - 7. Calculate a(19).
12
Let l(p) = 2*p**3 - 41*p**2 - 68*p + 45. What is l(22)?
1
Let w(n) = -54*n + 856. Give w(16).
-8
Let i(a) = -a**3 - 317*a**2 + 1939*a - 1. What is i(6)?
5
Let h(d) = -18*d**3 - 33*d - 32. Determine h(-1).
19
Let n(j) = -180*j + 903. Calculate n(5).
3
Let t(x) = -x**2 - 31*x + 483. Calculate t(-42).
21
Let w(c) = 142*c + 2708. Determine w(-19).
10
Let g(q) = 2*q**3 + 39*q**2 - 20*q - 47. What is g(-20)?
-47
Let d(m) = -m**2 - 11*m + 3. Give d(9).
-177
Let a(q) = q**2 + 44*q - 14. Determine a(-8).
-302
Let n(c) = c**3 + 29*c**2 + 75*c - 70. Give n(-26).
8
Let c(k) = -4*k**3 + k**2 - 3*k - 5. Give c(3).
-113
Let i(c) = 2*c**3 - 11*c**2 - 6*c - 10. Calculate i(6).
-10
Let l(u) = 2*u**2 - 58*u + 560. What is l(16)?
144
Let d(n) = n**2 - 78*n - 426. Determine d(-5).
-11
Let u(m) = -112*m**2 + 22*m - 23. Calculate u(1).
-113
Let o(c) = 3*c**2 - 97*c + 766. Give o(14).
-4
Let s(p) = -2*p**2 + 34*p + 683. Calculate s(-12).
-13
Let l(p) = 1025*p - 11263. Give l(11).
12
Let g(l) = -3*l**2 - 23*l - 6. Determine g(-6).
24
Let d(l) = l**2 - 28*l + 49. Determine d(24).
-47
Let x(c) = -c**3 - 17*c**2 - 15*c + 214. Calculate x(-15).
-11
Let d(v) = -v**3 - 14*v**2 - 26*v + 1. What is d(-12)?
25
Let a(o) = -o**3 - 27*o**2 + 57*o - 28. Determine a(-29).
1
Let w(o) = 3*o**3 - o**2 + 7*o. Determine w(-3).
-111
Let k(h) = 13*h**2 + 108*h + 44. Determine k(-12).
620
Let z(a) = 5*a - 179. Calculate z(38).
11
Let f(m) = 5*m**3 - 13*m**2 - 59*m + 116. Give f(4).
-8
Let u(h) = -30*h + 319. Calculate u(12).
-41
Let i(x) = -x**2 + 18*x - 61. What is i(5)?
4
Let a(d) = -8*d + 71. Determine a(7).
15
Let v(h) = 2*h**2 - 33*h + 109. What is v(10)?
-21
Let f(q) = -q**3 + 14*q**2 + 18*q - 188. Calculate f(14).
64
Let s(c) = -c - 4. Give s(10).
-14
Let t(b) = 257*b - 1315. Calculate t(9).
998
Let r(h) = h**2 - 19*h - 15. Calculate r(21).
27
Let q(z) = -103*z - 4276. Determine q(-42).
50
Let v(j) = 4*j**3 + 15*j**2 + 13*j + 56. Calculate v(-4).
-12
Let b(a) = 19*a - 96. Calculate b(5).
-1
Let a(p) = -756*p + 3699. Give a(5).
-81
Let g(l) = -433*l + 2595. Give g(6).
-3
Let j(z) = 4*z + 181. Determine j(-25).
81
Let j(g) = 6*g**2 - 240*g + 2183. What is j(26)?
-1
Let g(h) = h**2 - 24*h - 3826. What is g(75)?
-1
Let h(t) = 283*t - 1978. What is h(7)?
3
Let i(m) = -9*m**2 - 17. What is i(6)?
-341
Let o(x) = -4*x**3 - 25*x**2 - 7*x - 10. Calculate o(-6).
-4
Let z(d) = 113*d**3 + d**2 + 8*d - 10. Give z(1).
112
Let u(r) = -631*r - 6922. Determine u(-11).
19
Let r(l) = 46*l - 1714. What is r(57)?
908
Let y(u) = 43*u - 4100. Determine y(94).
-58
Let w(r) = -292*r - 2184. Give w(-7).
-140
Let d(f) = -f**3 - 15*f**2 + 47*f + 123. Determine d(-17).
-98
Let s(l) = 83*l + 39. Calculate s(-4).
-293
Let l(a) = a**3 + 58*a**2 + 541*a - 115. Give l(-12).
17
Let l(o) = o**2 + 22*o + 93. Determine l(-11).
-28
Let d(w) = w**3 + 10*w**2 + 2*w - 2. Calculate d(-11).
-145
Let f(l) = l**2 + 25*l + 117. Determine f(-26).
143
Let a(l) = -2*l**3 - 26*l**2 + 2299*l - 78. Determine a(28).
6
Let o(q) = -33*q**2 + 3701*q - 569. Give o(112).
-9
Let w(l) = 104*l**2 + 2601*l + 14. What is w(-25)?
-11
Let w(i) = -2*i**2 - 200*i + 6889. What is w(27)?
31
Let m(z) = z**3 + 21*z**2 - 28*z + 1058. Calculate m(-24).
2
Let i(d) = -5*d**2 - 10*d + 42. Give i(0).
42
Let l(n) = 3*n + 295. Give l(-44).
163
Let d(p) = -48*p**3 + 34*p**2 - 71*p + 5. Give d(2).
-385
Let f(m) = -2*m**2 + 43*m + 412. What is f(-9)?
-137
Let u(f) = f**3 - 15*f**2 + 38*f - 35. What is u(12)?
-11
Let q(n) = -2833*n + 25534. What is q(9)?
37
Let m(w) = w**3 - 20*w**2 - 240*w + 20. What is m(28)?
-428
Let y(t) = -4*t**2 - 161*t + 490. Determine y(3).
-29
Let y(z) = z**3 - 43*z**2 + 92*z - 288. What is y(41)?
122
Let c(s) = 19*s**3 - 13*s**2 + 6*s - 6. Give c(3).
408
Let b(c) = 16*c**3 + 53*c**2 - 256*c + 8. What is b(-6)?
-4
Let z(x) = 9*x + 878. Give z(-87).
95
Let m(a) = -1240*a + 9970. Determine m(8).
50
Let m(r) = r**3 + 68*r**2 - 869*r + 7. Give m(-79).
7
Let w(n) = 54*n + 258. What is w(-5)?
-12
Let w(h) = -4*h**2 - 41*h - 108. Determine w(-7).
-17
Let b(k) = -3*k**3 - 27*k**2 - 36*k - 76. Determine b(-8).
20
Let v(n) = 2*n**3 + 145*n**2 - 63*n + 748. Determine v(-73).
18
Let l(a) = -3*a**2 - 69*a + 740. Determine l(-31).
-4
Let s(p) = p**3 - 7*p**2 - 3*p - 73. What is s(6)?
-127
Let j(m) = m**3 + 17*m**2 + 26*m + 17. Determine j(-15).
77
Let c(i) = i**3 + 8*i**2 - 6*i - 36. Calculate c(-8).
12
Let k(z) = -z**3 - 20*z**2 + 40*z - 2. Calculate k(-22).
86
Let w(t) = -t**2 + 1119*t + 20472. Give w(-18).
6
Let d(j) = -14*j**3 + 4*j**2 + 128*j - 274. Calculate d(2).
-114
Let n(q) = q**2 + 28*q - 712. Give n(16).
-8
Let b(c) = c**3 + 7*c**2 - 17*c + 45. What is b(-9)?
36
Let a(r) = -r**2 + 90*r - 1867. What is a(51)?
122
Let o(x) = -19*x**2 + 301*x + 20. What is o(16)?
-28
Let o(d) = d**3 - 24*d - 9. What is o(-6)?
-81
Let m(x) = 9*x - 125. Give m(13).
-8
Let f(g) = 3*g**3 + 3*g**2 + 6*g + 14. Calculate f(-4).
-154
Let n(a) = a**3 - 63*a**2 + 50*a - 11686. Give n(65).
14
Let t(w) = w**3 - 108*w**2 - 219*w - 113. What is t(110)?
-3
Let w(k) = -k**3 - 13*k**2 - 103*k - 1601. Calculate w(-14).
37
Let d(r) = 1120*r + 20047. Determine d(-18).
-113
Let h(b) = -b**2 + 1018*b - 13070. Calculate h(13).
-5
Let i(h) = -3*h**3 + 31*h**2 - 24*h + 140. Determine i(10).
0
Let d(a) = 2*a**3 - 80*a**2 - 83*a + 48. What is d(41)?
7
Let c(k) = -6*k**3 - 50*k**2 - 84*k + 3. What is c(-6)?
3
Let g(f) = 160*f + 339. Give g(-2).
19
Let f(q) = -191*q + 5552. Calculate f(29).
13
Let h(z) = 2*z**2 + 66*z + 109. Determine h(-25).
-291
Let c(d) = 49*d + 6062. Calculate c(-123).
35
Let y(u) = -u**3 - 27*u**2 + 87*u - 16. Give y(-30).
74
Let f(u) = 2*u**3 + 84*u**2 - 271*u + 58. What is f(-45)?
103
Let x(b) = -b**3 + 15*b**2 + 25*b + 158. Calculate x(17).
5
Let f(j) = 255*j + 1492. Calculate f(-6).
-38
Let k(a) = 4*a**2 - 166*a - 76. What is k(42)?
8
Let q(p) = -2*p**2 - 1953*p - 5848. Calculate q(-3).
-7
Let t(l) = l**3 - 2*l**2 + 196*l + 866. Calculate t(-4).
-14
Let z(g) = -11*g**2 + 263*g - 260. What is z(1)?
-8
Let w(m) = 21*m**2 + 843*m - 2724. What is w(3)?
-6
Let z(s) = -s**2 + 14*s + 56. Calculate z(-10).
-184
Let t(c) = 2*c**2 + 14*c - 95. Determine t(6).
61
Let j(v) = 22*v**2 - 6*v - 7. Give j(4).
321
Let j(m) = m**2 - 250*m + 9186. Calculate j(45).
-39
Let u(g) = g**2 - 59*g + 933. What is u(21)?
135
Let a(w) = w**3 - 26*w**2 + 31*w - 169. What is a(25)?
-19
Let k(x) = 10*x**3 - 72*x**2 + 23*x - 60. Calculate k(7).
3
Let l(y) = -3*y**2 + 20*y - 211. Determine l(0).
-211
Let x(l) = 2*l**2 - 12*l - 7. Give x(7).
7
Let x(t) = t**3 - 166*t**2 + 965*t - 801. What is x(160)?
-1
Let w(s) = 14*s + 33. Give w(-18).
-219
Let u(w) = -w**3 + 11*w**2 + 156*w - 25. Give u(19).
51
Let c(b) = -b**3 - 16*b**2 - 29*b - 15. What is c(-12)?
-243
Let u(d) = -33*d + 175. What is u(8)?
-89
Let q(b) = -b**3 + 69*b**2 + 453*b - 142. What is q(75)?
83
Let t(x) = 69*x**2 + 1177*x + 33. Calculate t(-17).
-35
Let h(x) = x**2 + 155*x + 5982. Calculate h(-74).
-12
Let v(q) = 815*q - 763. Determine v(1).
52
Let x(a) = 84*a + 2353. Calculate x(-28).
1
Let b(r) = -29*r**2 + 7*r + 3. Give b(3).
-237
Let q(h) = -64*h + 8072. Calculate q(125).
72
Let h(y) = -y**2 - 10*y + 701. What is h(-32)?
-3
Let r(f) = f**2 - 9*f + 40. Calculate r(-